emainder when 1444 is divided by 976?
468
Calculate the remainder when 218484 is divided by 354.
66
Calculate the remainder when 376 is divided by 342.
34
What is the remainder when 2444 is divided by 21?
8
Calculate the remainder when 7036 is divided by 95.
6
What is the remainder when 23916 is divided by 92?
88
What is the remainder when 62104 is divided by 28?
0
What is the remainder when 1222 is divided by 272?
134
What is the remainder when 1934 is divided by 960?
14
Calculate the remainder when 11539 is divided by 524.
11
Calculate the remainder when 853 is divided by 167.
18
What is the remainder when 83909 is divided by 249?
245
Calculate the remainder when 51699 is divided by 21.
18
Calculate the remainder when 4317 is divided by 343.
201
Calculate the remainder when 309 is divided by 303.
6
What is the remainder when 13263 is divided by 217?
26
What is the remainder when 57937 is divided by 47?
33
Calculate the remainder when 16719 is divided by 93.
72
Calculate the remainder when 5639 is divided by 2818.
3
Calculate the remainder when 32684 is divided by 121.
14
What is the remainder when 79155 is divided by 79?
76
What is the remainder when 12117 is divided by 3029?
1
What is the remainder when 88595 is divided by 321?
320
Calculate the remainder when 610 is divided by 322.
288
What is the remainder when 24222 is divided by 563?
13
What is the remainder when 42475 is divided by 1119?
1072
What is the remainder when 63 is divided by 33?
30
What is the remainder when 17462 is divided by 312?
302
Calculate the remainder when 7449 is divided by 834.
777
What is the remainder when 69142 is divided by 186?
136
Calculate the remainder when 1970 is divided by 21.
17
What is the remainder when 116576 is divided by 116569?
7
What is the remainder when 292648 is divided by 48768?
40
What is the remainder when 1132066 is divided by 136?
2
Calculate the remainder when 2833 is divided by 262.
213
What is the remainder when 36487 is divided by 18085?
317
Calculate the remainder when 13794 is divided by 261.
222
What is the remainder when 54196 is divided by 25?
21
Calculate the remainder when 8976 is divided by 2206.
152
Calculate the remainder when 24477 is divided by 106.
97
What is the remainder when 71864 is divided by 23952?
8
Calculate the remainder when 17574 is divided by 31.
28
What is the remainder when 4118 is divided by 1367?
17
What is the remainder when 2251764 is divided by 221?
216
Calculate the remainder when 89847 is divided by 1302.
9
What is the remainder when 16431 is divided by 116?
75
What is the remainder when 13972 is divided by 13895?
77
Calculate the remainder when 21262 is divided by 229.
194
What is the remainder when 13602 is divided by 28?
22
Calculate the remainder when 2384 is divided by 2157.
227
Calculate the remainder when 5897 is divided by 33.
23
What is the remainder when 115610 is divided by 28?
26
What is the remainder when 623707 is divided by 333?
331
What is the remainder when 10487 is divided by 74?
53
What is the remainder when 34911 is divided by 698?
11
What is the remainder when 29745 is divided by 4942?
93
What is the remainder when 1935 is divided by 116?
79
What is the remainder when 4786 is divided by 100?
86
Calculate the remainder when 92855 is divided by 5.
0
Calculate the remainder when 4181 is divided by 135.
131
Calculate the remainder when 2047 is divided by 375.
172
What is the remainder when 133278 is divided by 2423?
13
What is the remainder when 1736233 is divided by 9?
7
What is the remainder when 4906 is divided by 25?
6
What is the remainder when 3794 is divided by 376?
34
Calculate the remainder when 1517 is divided by 289.
72
Calculate the remainder when 4452 is divided by 2226.
0
Calculate the remainder when 85504 is divided by 15.
4
Calculate the remainder when 1458 is divided by 182.
2
Calculate the remainder when 25391 is divided by 698.
263
What is the remainder when 1516 is divided by 136?
20
What is the remainder when 101 is divided by 81?
20
Calculate the remainder when 68637 is divided by 501.
0
Calculate the remainder when 5914 is divided by 641.
145
What is the remainder when 9631 is divided by 41?
37
Calculate the remainder when 24460 is divided by 10.
0
What is the remainder when 401630 is divided by 1275?
5
Calculate the remainder when 25750 is divided by 243.
235
Calculate the remainder when 3172 is divided by 1535.
102
Calculate the remainder when 6420 is divided by 195.
180
What is the remainder when 1002855 is divided by 143?
139
What is the remainder when 17924 is divided by 1367?
153
Calculate the remainder when 975 is divided by 242.
7
What is the remainder when 19302 is divided by 2753?
31
Calculate the remainder when 16067 is divided by 145.
117
Calculate the remainder when 61379 is divided by 92.
15
Calculate the remainder when 393 is divided by 344.
49
What is the remainder when 17587 is divided by 550?
537
Calculate the remainder when 2542 is divided by 60.
22
What is the remainder when 7278 is divided by 2326?
300
What is the remainder when 81961 is divided by 188?
181
What is the remainder when 65366 is divided by 16317?
98
What is the remainder when 36350 is divided by 1652?
6
Calculate the remainder when 784 is divided by 478.
306
Calculate the remainder when 117369 is divided by 2303.
2219
What is the remainder when 372632 is divided by 1355?
7
Calculate the remainder when 410567 is divided by 171.
167
Calculate the remainder when 9575 is divided by 1894.
105
Calculate the remainder when 56817 is divided by 37.
22
What is the remainder when 9773 is divided by 2590?
2003
What is the remainder when 2901 is divided by 252?
129
What is the remainder when 10724 is divided by 298?
294
What is the remainder when 496 is divided by 177?
142
What is the remainder when 1279 is divided by 1244?
35
What is the remainder when 7204 is divided by 525?
379
Calculate the remainder when 1121481 is divided by 44859.
6
What is the remainder when 16912 is divided by 26?
12
What is the remainder when 3733 is divided by 86?
35
What is the remainder when 7557 is divided by 1103?
939
What is the remainder when 1433823 is divided by 2422?
2421
What is the remainder when 836793 is divided by 995?
993
Calculate the remainder when 1129 is divided by 133.
65
What is the remainder when 75003 is divided by 10712?
19
Calculate the remainder when 7028 is divided by 1024.
884
Calculate the remainder when 101510 is divided by 50737.
36
What is the remainder when 45509 is divided by 15160?
29
Calculate the remainder when 2346208 is divided by 1310.
1308
Calculate the remainder when 121026 is divided by 17.
3
Calculate the remainder when 3705102 is divided by 8.
6
Calculate the remainder when 992 is divided by 893.
99
Calculate the remainder when 99023 is divided by 9.
5
What is the remainder when 295 is divided by 139?
17
Calculate the remainder when 16773 is divided by 20.
13
Calculate the remainder when 105344 is divided by 35107.
23
What is the remainder when 4783 is divided by 52?
51
What is the remainder when 16048 is divided by 422?
12
Calculate the remainder when 68170 is divided by 447.
226
Calculate the remainder when 674856 is divided by 224942.
30
What is the remainder when 23341 is divided by 23257?
84
Calculate the remainder when 241497 is divided by 115.
112
What is the remainder when 14317 is divided by 13715?
602
Calculate the remainder when 22488 is divided by 3746.
12
What is the remainder when 4040 is divided by 248?
72
What is the remainder when 8833 is divided by 104?
97
What is the remainder when 372352 is divided by 46542?
16
What is the remainder when 56815 is divided by 31?
23
Calculate the remainder when 5232 is divided by 5221.
11
Calculate the remainder when 2064330 is divided by 907.
905
What is the remainder when 11838 is divided by 4?
2
Calculate the remainder when 25198 is divided by 16.
14
What is the remainder when 440772 is divided by 675?
672
What is the remainder when 269753 is divided by 309?
305
What is the remainder when 2140 is divided by 102?
100
Calculate the remainder when 11976 is divided by 11966.
10
What is the remainder when 486 is divided by 15?
6
Calculate the remainder when 9645 is divided by 749.
657
Calculate the remainder when 